{"id":17655,"date":"2022-10-27T07:16:24","date_gmt":"2022-10-27T07:16:24","guid":{"rendered":"https:\/\/www.prodecotutkal.com\/?post_type=product&#038;p=17655"},"modified":"2025-05-27T09:21:03","modified_gmt":"2025-05-27T09:21:03","slug":"mg-556-seffaf","status":"publish","type":"product","link":"https:\/\/prodecotutkal.com\/en\/product\/mg-556-seffaf\/","title":{"rendered":"MG 556 \u015eeffaf"},"content":{"rendered":"<p>\u00d6zellikler\/Kullan\u0131m Alanlar\u0131<\/p>\n<p>Tutkal tabancas\u0131 ile rahatl\u0131kla kullanabilme.<br \/>\n1,3 \u2013 1,8 mm nozzle tabancalar ile kesinlikle<br \/>\nt\u0131kanma, donma yapmaz.<br \/>\nMembran kapak ve panel \u00fcretiminde.<br \/>\nMembran kap\u0131 \u00fcretiminde kullan\u0131l\u0131r.<br \/>\nUzun a\u00e7\u0131k s\u00fcre ~8 saate kadar.<br \/>\nY\u00fcksek \u0131s\u0131 ve nem dayan\u0131m\u0131.<br \/>\nM\u00fckemmel bo\u015fluk doldurma ve y\u00fczey tutunmas\u0131.<br \/>\nKullan\u0131mdan 45 dk. sonra kullan\u0131ma haz\u0131rd\u0131r.<\/p>\n<p>AMBALAJ \u015eEKL\u0130: IBC 1 TON, 28 KG \u00c7ANTA BIDON<\/p>\n<p>&nbsp;<\/p>","protected":false},"excerpt":{"rendered":"<p>\u00d6zellikler\/Kullan\u0131m Alanlar\u0131 Tutkal tabancas\u0131 ile rahatl\u0131kla kullanabilme. 1,3 \u2013 1,8 mm nozzle tabancalar ile kesinlikle t\u0131kanma, donma yapmaz. Membran kapak ve panel \u00fcretiminde. Membran kap\u0131 \u00fcretiminde kullan\u0131l\u0131r. Uzun a\u00e7\u0131k s\u00fcre ~8 saate kadar. Y\u00fcksek \u0131s\u0131 ve nem dayan\u0131m\u0131. M\u00fckemmel bo\u015fluk doldurma ve y\u00fczey tutunmas\u0131. Kullan\u0131mdan 45 dk. sonra kullan\u0131ma haz\u0131rd\u0131r. AMBALAJ \u015eEKL\u0130: IBC 1 TON, [&hellip;]<\/p>","protected":false},"featured_media":0,"comment_status":"open","ping_status":"closed","template":"","meta":{"inline_featured_image":false},"product_cat":[132],"product_tag":[],"class_list":["post-17655","product","type-product","status-publish","hentry","product_cat-membran"],"yoast_head":"<!-- This site is optimized with the Yoast SEO plugin v21.0 - https:\/\/yoast.com\/wordpress\/plugins\/seo\/ -->\n<title>MG 556 \u015eeffaf - ProDecoTutkal<\/title>\n<meta name=\"description\" content=\"Kap\u0131 kapak imalat\u0131 i\u00e7in ideal MG 556 su bazl\u0131 poli\u00fcretan tutkal; PVC, MDF, membran kaplamalarda h\u0131zl\u0131 kurur, \u0131s\u0131 ve neme y\u00fcksek diren\u00e7 sa\u011flar.\" \/>\n<meta name=\"robots\" content=\"index, follow, max-snippet:-1, max-image-preview:large, max-video-preview:-1\" \/>\n<link rel=\"canonical\" href=\"https:\/\/prodecotutkal.com\/en\/product\/mg-556-seffaf\/\" \/>\n<meta property=\"og:locale\" content=\"en_US\" \/>\n<meta property=\"og:type\" content=\"article\" \/>\n<meta property=\"og:title\" content=\"MG 556 \u015eeffaf - ProDecoTutkal\" \/>\n<meta property=\"og:description\" content=\"Kap\u0131 kapak imalat\u0131 i\u00e7in ideal MG 556 su bazl\u0131 poli\u00fcretan tutkal; PVC, MDF, membran kaplamalarda h\u0131zl\u0131 kurur, \u0131s\u0131 ve neme y\u00fcksek diren\u00e7 sa\u011flar.\" \/>\n<meta property=\"og:url\" content=\"https:\/\/prodecotutkal.com\/en\/product\/mg-556-seffaf\/\" \/>\n<meta property=\"og:site_name\" content=\"ProDecoTutkal\" \/>\n<meta property=\"article:modified_time\" content=\"2025-05-27T09:21:03+00:00\" \/>\n<meta name=\"twitter:card\" content=\"summary_large_image\" \/>\n<meta name=\"twitter:label1\" content=\"Est. reading time\" \/>\n\t<meta name=\"twitter:data1\" content=\"1 minute\" \/>\n<script type=\"application\/ld+json\" class=\"yoast-schema-graph\">{\"@context\":\"https:\/\/schema.org\",\"@graph\":[{\"@type\":\"WebPage\",\"@id\":\"https:\/\/prodecotutkal.com\/urun\/mg-556-seffaf\/\",\"url\":\"https:\/\/prodecotutkal.com\/urun\/mg-556-seffaf\/\",\"name\":\"MG 556 \u015eeffaf - ProDecoTutkal\",\"isPartOf\":{\"@id\":\"https:\/\/prodecotutkal.com\/#website\"},\"datePublished\":\"2022-10-27T07:16:24+00:00\",\"dateModified\":\"2025-05-27T09:21:03+00:00\",\"description\":\"Kap\u0131 kapak imalat\u0131 i\u00e7in ideal MG 556 su bazl\u0131 poli\u00fcretan tutkal; PVC, MDF, membran kaplamalarda h\u0131zl\u0131 kurur, \u0131s\u0131 ve neme y\u00fcksek diren\u00e7 sa\u011flar.\",\"breadcrumb\":{\"@id\":\"https:\/\/prodecotutkal.com\/urun\/mg-556-seffaf\/#breadcrumb\"},\"inLanguage\":\"en-US\",\"potentialAction\":[{\"@type\":\"ReadAction\",\"target\":[\"https:\/\/prodecotutkal.com\/urun\/mg-556-seffaf\/\"]}]},{\"@type\":\"BreadcrumbList\",\"@id\":\"https:\/\/prodecotutkal.com\/urun\/mg-556-seffaf\/#breadcrumb\",\"itemListElement\":[{\"@type\":\"ListItem\",\"position\":1,\"name\":\"Anasayfa\",\"item\":\"https:\/\/prodecotutkal.com\/\"},{\"@type\":\"ListItem\",\"position\":2,\"name\":\"Shop\",\"item\":\"https:\/\/prodecotutkal.com\/en\/shop\/\"},{\"@type\":\"ListItem\",\"position\":3,\"name\":\"MG 556 \u015eeffaf\"}]},{\"@type\":\"WebSite\",\"@id\":\"https:\/\/prodecotutkal.com\/#website\",\"url\":\"https:\/\/prodecotutkal.com\/\",\"name\":\"ProDecoTutkal\",\"description\":\"\",\"publisher\":{\"@id\":\"https:\/\/prodecotutkal.com\/#organization\"},\"potentialAction\":[{\"@type\":\"SearchAction\",\"target\":{\"@type\":\"EntryPoint\",\"urlTemplate\":\"https:\/\/prodecotutkal.com\/?s={search_term_string}\"},\"query-input\":\"required name=search_term_string\"}],\"inLanguage\":\"en-US\"},{\"@type\":\"Organization\",\"@id\":\"https:\/\/prodecotutkal.com\/#organization\",\"name\":\"ProDecoTutkal\",\"url\":\"https:\/\/prodecotutkal.com\/\",\"logo\":{\"@type\":\"ImageObject\",\"inLanguage\":\"en-US\",\"@id\":\"https:\/\/prodecotutkal.com\/#\/schema\/logo\/image\/\",\"url\":\"https:\/\/prodecotutkal.com\/wp-content\/uploads\/2022\/10\/Logo.png\",\"contentUrl\":\"https:\/\/prodecotutkal.com\/wp-content\/uploads\/2022\/10\/Logo.png\",\"width\":864,\"height\":216,\"caption\":\"ProDecoTutkal\"},\"image\":{\"@id\":\"https:\/\/prodecotutkal.com\/#\/schema\/logo\/image\/\"}}]}<\/script>\n<!-- \/ Yoast SEO plugin. -->","yoast_head_json":{"title":"MG 556 \u015eeffaf - ProDecoTutkal","description":"Kap\u0131 kapak imalat\u0131 i\u00e7in ideal MG 556 su bazl\u0131 poli\u00fcretan tutkal; PVC, MDF, membran kaplamalarda h\u0131zl\u0131 kurur, \u0131s\u0131 ve neme y\u00fcksek diren\u00e7 sa\u011flar.","robots":{"index":"index","follow":"follow","max-snippet":"max-snippet:-1","max-image-preview":"max-image-preview:large","max-video-preview":"max-video-preview:-1"},"canonical":"https:\/\/prodecotutkal.com\/en\/product\/mg-556-seffaf\/","og_locale":"en_US","og_type":"article","og_title":"MG 556 \u015eeffaf - ProDecoTutkal","og_description":"Kap\u0131 kapak imalat\u0131 i\u00e7in ideal MG 556 su bazl\u0131 poli\u00fcretan tutkal; PVC, MDF, membran kaplamalarda h\u0131zl\u0131 kurur, \u0131s\u0131 ve neme y\u00fcksek diren\u00e7 sa\u011flar.","og_url":"https:\/\/prodecotutkal.com\/en\/product\/mg-556-seffaf\/","og_site_name":"ProDecoTutkal","article_modified_time":"2025-05-27T09:21:03+00:00","twitter_card":"summary_large_image","twitter_misc":{"Est. reading time":"1 minute"},"schema":{"@context":"https:\/\/schema.org","@graph":[{"@type":"WebPage","@id":"https:\/\/prodecotutkal.com\/urun\/mg-556-seffaf\/","url":"https:\/\/prodecotutkal.com\/urun\/mg-556-seffaf\/","name":"MG 556 \u015eeffaf - ProDecoTutkal","isPartOf":{"@id":"https:\/\/prodecotutkal.com\/#website"},"datePublished":"2022-10-27T07:16:24+00:00","dateModified":"2025-05-27T09:21:03+00:00","description":"Kap\u0131 kapak imalat\u0131 i\u00e7in ideal MG 556 su bazl\u0131 poli\u00fcretan tutkal; PVC, MDF, membran kaplamalarda h\u0131zl\u0131 kurur, \u0131s\u0131 ve neme y\u00fcksek diren\u00e7 sa\u011flar.","breadcrumb":{"@id":"https:\/\/prodecotutkal.com\/urun\/mg-556-seffaf\/#breadcrumb"},"inLanguage":"en-US","potentialAction":[{"@type":"ReadAction","target":["https:\/\/prodecotutkal.com\/urun\/mg-556-seffaf\/"]}]},{"@type":"BreadcrumbList","@id":"https:\/\/prodecotutkal.com\/urun\/mg-556-seffaf\/#breadcrumb","itemListElement":[{"@type":"ListItem","position":1,"name":"Anasayfa","item":"https:\/\/prodecotutkal.com\/"},{"@type":"ListItem","position":2,"name":"Shop","item":"https:\/\/prodecotutkal.com\/en\/shop\/"},{"@type":"ListItem","position":3,"name":"MG 556 \u015eeffaf"}]},{"@type":"WebSite","@id":"https:\/\/prodecotutkal.com\/#website","url":"https:\/\/prodecotutkal.com\/","name":"ProDecoTutkal","description":"","publisher":{"@id":"https:\/\/prodecotutkal.com\/#organization"},"potentialAction":[{"@type":"SearchAction","target":{"@type":"EntryPoint","urlTemplate":"https:\/\/prodecotutkal.com\/?s={search_term_string}"},"query-input":"required name=search_term_string"}],"inLanguage":"en-US"},{"@type":"Organization","@id":"https:\/\/prodecotutkal.com\/#organization","name":"ProDecoTutkal","url":"https:\/\/prodecotutkal.com\/","logo":{"@type":"ImageObject","inLanguage":"en-US","@id":"https:\/\/prodecotutkal.com\/#\/schema\/logo\/image\/","url":"https:\/\/prodecotutkal.com\/wp-content\/uploads\/2022\/10\/Logo.png","contentUrl":"https:\/\/prodecotutkal.com\/wp-content\/uploads\/2022\/10\/Logo.png","width":864,"height":216,"caption":"ProDecoTutkal"},"image":{"@id":"https:\/\/prodecotutkal.com\/#\/schema\/logo\/image\/"}}]}},"_links":{"self":[{"href":"https:\/\/prodecotutkal.com\/en\/wp-json\/wp\/v2\/product\/17655","targetHints":{"allow":["GET"]}}],"collection":[{"href":"https:\/\/prodecotutkal.com\/en\/wp-json\/wp\/v2\/product"}],"about":[{"href":"https:\/\/prodecotutkal.com\/en\/wp-json\/wp\/v2\/types\/product"}],"replies":[{"embeddable":true,"href":"https:\/\/prodecotutkal.com\/en\/wp-json\/wp\/v2\/comments?post=17655"}],"wp:attachment":[{"href":"https:\/\/prodecotutkal.com\/en\/wp-json\/wp\/v2\/media?parent=17655"}],"wp:term":[{"taxonomy":"product_cat","embeddable":true,"href":"https:\/\/prodecotutkal.com\/en\/wp-json\/wp\/v2\/product_cat?post=17655"},{"taxonomy":"product_tag","embeddable":true,"href":"https:\/\/prodecotutkal.com\/en\/wp-json\/wp\/v2\/product_tag?post=17655"}],"curies":[{"name":"wp","href":"https:\/\/api.w.org\/{rel}","templated":true}]}}

MG 556 Şeffaf

<p>Özellikler/Kullanım Alanları</p>
<p>Tutkal tabancası ile rahatlıkla kullanabilme.<br />
1,3 – 1,8 mm nozzle tabancalar ile kesinlikle<br />
tıkanma, donma yapmaz.<br />
Membran kapak ve panel üretiminde.<br />
Membran kapı üretiminde kullanılır.<br />
Uzun açık süre ~8 saate kadar.<br />
Yüksek ısı ve nem dayanımı.<br />
Mükemmel boşluk doldurma ve yüzey tutunması.<br />
Kullanımdan 45 dk. sonra kullanıma hazırdır.</p>
<p>AMBALAJ ŞEKLİ: IBC 1 TON, 28 KG ÇANTA BIDON</p>
<p>&nbsp;</p>

<p>Özellikler/Kullanım Alanları Tutkal tabancası ile rahatlıkla kullanabilme. 1,3 – 1,8 mm nozzle tabancalar ile kesinlikle tıkanma, donma yapmaz. Membran kapak ve panel üretiminde. Membran kapı üretiminde kullanılır. Uzun açık süre ~8 saate kadar. Yüksek ısı ve nem dayanımı. Mükemmel boşluk doldurma ve yüzey tutunması. Kullanımdan 45 dk. sonra kullanıma hazırdır. AMBALAJ ŞEKLİ: IBC 1 TON, [&hellip;]</p>

<!-- This site is optimized with the Yoast SEO plugin v21.0 - https://yoast.com/wordpress/plugins/seo/ -->
<title>MG 556 Şeffaf - ProDecoTutkal</title>
<meta name="description" content="Kapı kapak imalatı için ideal MG 556 su bazlı poliüretan tutkal; PVC, MDF, membran kaplamalarda hızlı kurur, ısı ve neme yüksek direnç sağlar." />
<meta name="robots" content="index, follow, max-snippet:-1, max-image-preview:large, max-video-preview:-1" />
<link rel="canonical" href="https://prodecotutkal.com/en/product/mg-556-seffaf/" />
<meta property="og:locale" content="en_US" />
<meta property="og:type" content="article" />
<meta property="og:title" content="MG 556 Şeffaf - ProDecoTutkal" />
<meta property="og:description" content="Kapı kapak imalatı için ideal MG 556 su bazlı poliüretan tutkal; PVC, MDF, membran kaplamalarda hızlı kurur, ısı ve neme yüksek direnç sağlar." />
<meta property="og:url" content="https://prodecotutkal.com/en/product/mg-556-seffaf/" />
<meta property="og:site_name" content="ProDecoTutkal" />
<meta property="article:modified_time" content="2025-05-27T09:21:03+00:00" />
<meta name="twitter:card" content="summary_large_image" />
<meta name="twitter:label1" content="Est. reading time" />
	<meta name="twitter:data1" content="1 minute" />
<script type="application/ld+json" class="yoast-schema-graph">{"@context":"https://schema.org","@graph":[{"@type":"WebPage","@id":"https://prodecotutkal.com/urun/mg-556-seffaf/","url":"https://prodecotutkal.com/urun/mg-556-seffaf/","name":"MG 556 Şeffaf - ProDecoTutkal","isPartOf":{"@id":"https://prodecotutkal.com/#website"},"datePublished":"2022-10-27T07:16:24+00:00","dateModified":"2025-05-27T09:21:03+00:00","description":"Kapı kapak imalatı için ideal MG 556 su bazlı poliüretan tutkal; PVC, MDF, membran kaplamalarda hızlı kurur, ısı ve neme yüksek direnç sağlar.","breadcrumb":{"@id":"https://prodecotutkal.com/urun/mg-556-seffaf/#breadcrumb"},"inLanguage":"en-US","potentialAction":[{"@type":"ReadAction","target":["https://prodecotutkal.com/urun/mg-556-seffaf/"]}]},{"@type":"BreadcrumbList","@id":"https://prodecotutkal.com/urun/mg-556-seffaf/#breadcrumb","itemListElement":[{"@type":"ListItem","position":1,"name":"Anasayfa","item":"https://prodecotutkal.com/"},{"@type":"ListItem","position":2,"name":"Shop","item":"https://prodecotutkal.com/en/shop/"},{"@type":"ListItem","position":3,"name":"MG 556 Şeffaf"}]},{"@type":"WebSite","@id":"https://prodecotutkal.com/#website","url":"https://prodecotutkal.com/","name":"ProDecoTutkal","description":"","publisher":{"@id":"https://prodecotutkal.com/#organization"},"potentialAction":[{"@type":"SearchAction","target":{"@type":"EntryPoint","urlTemplate":"https://prodecotutkal.com/?s={search_term_string}"},"query-input":"required name=search_term_string"}],"inLanguage":"en-US"},{"@type":"Organization","@id":"https://prodecotutkal.com/#organization","name":"ProDecoTutkal","url":"https://prodecotutkal.com/","logo":{"@type":"ImageObject","inLanguage":"en-US","@id":"https://prodecotutkal.com/#/schema/logo/image/","url":"https://prodecotutkal.com/wp-content/uploads/2022/10/Logo.png","contentUrl":"https://prodecotutkal.com/wp-content/uploads/2022/10/Logo.png","width":864,"height":216,"caption":"ProDecoTutkal"},"image":{"@id":"https://prodecotutkal.com/#/schema/logo/image/"}}]}</script>
<!-- / Yoast SEO plugin. -->

MG 556 Şeffaf - ProDecoTutkal

Kapı kapak imalatı için ideal MG 556 su bazlı poliüretan tutkal; PVC, MDF, membran kaplamalarda hızlı kurur, ısı ve neme yüksek direnç sağlar.
